5).
10
Let v = 1 + -3. Let y = -1 - -4. Let w(o) = 10*o - 8*o - y*o**2 + 5*o**2. Give w(v).
4
Suppose -40 + 30 = 10*g. Let d(r) be the first derivative of 3*r**2 - r - 1. Calculate d(g).
-7
Let f(r) = r**3 + 2*r**2 - r - 2. Suppose -3*v + 9 = n, -v - 10 = 2*n - 2*v. Let a = -1 - n. What is f(a)?
12
Let f(o) = o + 7. Let x be f(-7). Suppose 0 = -2*t - g - 3, 5*g = t - 11 - 15. Let u(r) = -2 - r**2 + t - 1. Calculate u(x).
-2
Let m(l) = -5*l**3 - 6*l**2 + l - 7. Let x(p) = 4*p**3 - p + 2*p**3 + 6 + 1 + 0 + 7*p**2. Let z(u) = 7*m(u) + 6*x(u). Calculate z(0).
-7
Let x(v) = -v**2 + 5. Let l(s) = -4 - 7 + 4*s**2 - 10. Suppose 4*f = m + 39, -3*m + 18 = f + 2*f. Let h(c) = f*x(c) + 2*l(c). Calculate h(3).
-6
Let o be ((-2)/(-2))/(2/4). Suppose -3*t + 7*t - 8 = 0. Let i(y) = -7 + 14 - 4*y + y**t + y**2 - 5. Calculate i(o).
2
Let k be 0 + 5/(5/(-4)). Let y be -4*k/(32/10). Let p(o) = o**2 - 7*o + 7. Give p(y).
-3
Let d(o) = o**2 - 5*o + 1. Let q(k) = k**2 - 6*k + 7. Suppose 5 = 4*a - 3*a. Let i be q(a). Suppose 20 = 3*m + i*m. What is d(m)?
-3
Let x(c) = -4*c + 28. Let m(z) = z - 9. Suppose -3*q + 2*q = -7. Let i(d) = q*m(d) + 2*x(d). Let n be i(-11). Let y(h) = -3*h + 4. What is y(n)?
-8
Let h(j) = 6*j - 5*j - 5 - 2*j. Let l = -11 + 5. Give h(l).
1
Let o(m) be the first derivative of -m**4/4 - 2*m**3/3 + 2*m**2 + m - 7. Give o(-3).
-2
Let o(k) = -3*k + 1. Let g(i) = -4*i + 1. Let d(b) = 4*g(b) - 5*o(b). Suppose 0 = r - 4*r + 6. Give d(r).
-3
Let n(v) be the third derivative of -v**6/120 + v**5/12 + v**4/6 - 5*v**3/6 - 30*v**2. Determine n(5).
15
Let r(u) = 3*u**2 + 32*u - 14. Let k(v) = -v**2 - 11*v + 5. Let h(p) = -11*k(p) - 4*r(p). Determine h(-6).
7
Let q(x) = x**3 - 6*x**2 + 4*x + 4. Let k(h) = -2*h**3 - 2*h**2 - h + 1. Let z be k(-2). Suppose 5*m = 14 + z. Calculate q(m).
-1
Let z(b) = -b + 4. Let k = 12 - 8. Let a be -1 - (2 - (k + -1)). Determine z(a).
4
Suppose 5*p = 4*i + 3, -p - i = -5*p + 9. Let d(m) = -7*m**2 + m**3 - 2 + m + 0*m**2 + 3*m**2. Calculate d(p).
-8
Let d(o) = o - 5. Let q be d(4). Let b(s) = 6*s**3 + 2*s**2 + 3. Let j(g) = -25*g**3 - 9*g**2 - 13. Let y(a) = 9*b(a) + 2*j(a). Determine y(q).
-3
Let t(s) = s**2 + 2*s + 3. Let a be t(0). Let z(c) = -4*c - 7*c**2 - 1 + 3 + c**3 + 6*c**2. Determine z(a).
8
Let h(v) = v**3 - 5*v**2 - 3*v + 3. Suppose -3*p + 3 = 0, q - 4*p - p = 0. Suppose 0 = -q*x + 18 + 7. Give h(x).
-12
Suppose -3*o - 7 = -4. Let s(d) = -2*d + 1. Let m(t) = t - 1. Let v(g) = 6*m(g) + 5*s(g). Give v(o).
3
Let q(u) be the first derivative of -u**2/2 + 12. What is q(-3)?
3
Let i(r) = -5*r**3 + r**2. Let v = 8 - 7. Calculate i(v).
-4
Let g(z) = -4*z**3 - 4*z**2 + 5*z + 1. Let q(n) = 7*n**3 + 7*n**2 - 10*n - 3. Let c(b) = 5*g(b) + 3*q(b). Give c(-3).
-7
Let s(c) = c - 2. Suppose 0 = -4*i + 4*l + 48, 2*i + 3*l = 5 + 14. Suppose -10*h + i*h = -2. What is s(h)?
-4
Let y(x) = x - 3 + 3 - 5. Calculate y(0).
-5
Let a(q) = q**2 - 2*q - 1. Let g be (-12)/(-4) + 1/1. What is a(g)?
7
Let t(z) = -z + 2. Let a(k) = 1. Let n(i) = -4*a(i) - t(i). Give n(0).
-6
Let u(z) = -z**2 + 5*z + 1. Let k(t) = -4*t - 30. Let o be k(-9). Determine u(o).
-5
Let w(o) = -o + 2. Suppose -5 = -5*c + 20. What is w(c)?
-3
Suppose -10 = m + m. Let f = m + 11. Suppose f*l = l. Let o(c) = c - 5. Give o(l).
-5
Let w(o) be the first derivative of 2 - 3*o**2 + 6*o - 1/4*o**4 + 2*o**3. Determine w(5).
1
Let h(c) be the first derivative of -c**4/4 + 2*c**3 - c**2/2 + 5*c + 32. What is h(5)?
25
Let b(h) = h**3 - 7*h**2 + 5*h. Let w = 3 + 6. Let m = w + -3. Determine b(m).
-6
Let n(k) be the second derivative of -5*k**3/3 + 2*k. Determine n(-1).
10
Let j(p) = -3*p + 4. Let g(b) = b - 11. Let d be g(0). Let u(w) = 10*w - 11. Let x(k) = d*j(k) - 4*u(k). Give x(1).
-7
Let w(d) = 15 + d**2 + 0*d + 16*d + 2*d**2 + 8*d. Let y(o) = o**2 + 8*o + 5. Let h(m) = 2*w(m) - 7*y(m). Determine h(-6).
7
Suppose -30 = 4*l + 3*g, 2 = l - 2*g - 2*g. Let b(h) = -2*h + 4 - 1208*h**2 + 8*h + h**3 + 1215*h**2. Determine b(l).
4
Let c(o) be the third derivative of -1/60*o**5 - 1/120*o**6 + 0*o + 1/24*o**4 + 0 - 2/3*o**3 + 2*o**2. Determine c(0).
-4
Let y be (-9)/(-7) + 16/(-56). Let m(r) = -y + 0*r + 3 + 0*r - r**2. What is m(2)?
-2
Let m(r) = -r**2 + 3*r. Let y be (4 - 6)/(8/(-20)). What is m(y)?
-10
Let v(d) = 0 + 0 + d + 9*d**2. Let f(m) = 4*m**2 + 26*m + 11. Let j be f(-6). Determine v(j).
8
Let t(o) = o**2 - 2. Let w be t(0). Let b(i) = -3*i**2 + 4*i + 3. Give b(w).
-17
Suppose 0 - 5 = 5*u. Let b(m) be the second derivative of -5*m**4/12 + m**2/2 + 4*m. What is b(u)?
-4
Suppose y - 5*i + 0 = -9, 0 = -2*y + 3*i + 3. Let c(d) = -d**3 + 7*d**2 - 5*d - 1. What is c(y)?
5
Let g be 3/(4/(8/(-3))). Let a = g - -5. Let z(b) be the second derivative of -b**3/3 - 2*b**2 - 5*b. Calculate z(a).
-10
Let z(g) be the first derivative of -g**4/12 - g**2 + 1. Let l(m) be the second derivative of z(m). Determine l(3).
-6
Let v be 1*(-5 + 1)*-1. Let m be 2/2*(-15)/(-5). Let q(x) = -v - x**m - x**2 + 1 + 5*x**2. Give q(4).
-3
Let i(r) = 3*r + 0*r + 2 + 2*r - 3*r. Let l be 133/21 - 2/6. Suppose 1 + 3 = 3*s - 2*j, -4*j = -5*s + l. What is i(s)?
6
Let k(l) = 2*l + 2. Suppose -2*f + 19 - 33 = 0. Give k(f).
-12
Let m(u) be the first derivative of u**4/4 + 2*u**3 + 2*u**2 + 3*u + 10. Give m(-2).
11
Let o(b) = -8*b + 6. Let z(c) = c. Let p(k) = k**3 - 6*k**2 + 5*k - 5. Let g be p(5). Let l(d) = g*z(d) - o(d). Determine l(4).
6
Let w(p) be the second derivative of 3*p - 7/24*p**4 + 0 - p**3 - 1/2*p**2 - 1/120*p**6 - 1/10*p**5. Let h(d) be the first derivative of w(d). Calculate h(-5).
4
Let l(f) = -f**3 + 6*f**2 - 2*f + 14. Let b be l(6). Let n(q) = -q**2 - 2*q + 3. Calculate n(b).
-5
Let r(k) be the first derivative of 2*k - 1 - 1/2*k**2 - 5/3*k**3 + 1/4*k**4. What is r(5)?
-3
Let u(q) = q + 7. Let p be u(-5). Let h(i) = -p*i + 3 - 2 + i. Let l(k) = k**3 + 2*k - 1. Let c be l(0). Calculate h(c).
2
Let k = 2 - 4. Let g(s) be the second derivative of 5*s**3/3 + 9*s**2/2 - 3*s. Let w(q) = -5*q - 5. Let b(i) = -3*g(i) - 5*w(i). Give b(k).
8
Suppose 16 = 4*z - 2*a - 0*a, 5*a = z + 5. Let y(n) = -2*n - 6. Give y(z).
-16
Let w(l) = -11*l + 32. Let i(t) = -5*t + 15. Let v(x) = -13*i(x) + 6*w(x). Give v(-10).
7
Let u = -11 - -16. Let s be u*((-36)/(-15) - 2). Let b(k) = -1 - k + 0*k - s + 0. Determine b(-5).
2
Let p(q) = q**3 - q - 1. Suppose 3*l + 4 = 2*x - 6, -l = -x + 4. Give p(x).
5
Let n = 129 + -129. Let h(a) = a**2 - 7. Determine h(n).
-7
Let h(p) be the first derivative of p**3/3 + 5*p**2/2 + 5*p - 12. Suppose -32 = 4*d - 4*s, -4*d + d - 8 = s. Give h(d).
1
Let n(d) = -d**2 + 3*d. Let p(w) = -w**2 + 7*w - 4. Let x be p(6). Suppose b - x = 2. Calculate n(b).
-4
Let b(i) = -3*i - 12. Let l = -196 - -191. Give b(l).
3
Let a(x) = -6*x**2 + x + 1. Let n = -16 + 15. Calculate a(n).
-6
Let s(n) = 25*n**2 + 4*n - 9. Let q(k) = -13*k**2 - 2*k + 5. Let f(i) = -11*q(i) - 6*s(i). Suppose -2*a = a + 5*l + 3, -2*a + 5*l = 2. Give f(a).
-6
Let w = -35 + 39. Let l(i) = 4*i - 4. Let x(v) be the second derivative of 5*v**3/6 - 5*v**2/2 - v. Let s(f) = -4*l(f) + 3*x(f). What is s(w)?
-3
Let u(w) = 2*w + 4. Let p(f) be the second derivative of -f**5/20 - f**4/12 + f**3/6 - 2*f**2 - f. Let q be p(0). Give u(q).
-4
Let t = 1 + 4. Let k(j) be the second derivative of -1/20*j**5 + 1/6*j**3 + 0 + 5*j + 5/12*j**4 - 5/2*j**2. What is k(t)?
0
Let k(y) be the third derivative of 3*y**2 + 0 - 1/120*y**6 - 2/3*y**3 + 1/20*y**5 + 5/24*y**4 + 0*y. Calculate k(4).
0
Let t(i) = 2*i + 0 - 3 + 0*i - i. Let k be -2 + 1 - 1*-1. Give t(k).
-3
Suppose 6*q = 3*q. Suppose -2*j = -q*j - 2. Let c(u) be the first derivative of -u**4/2 - 2*u**3/3 + u - 1. What is c(j)?
-3
Suppose -3*p - 11 = -2*c, 5*c + 54 = -3*p + 8. Let w(j) = j**3 + 6*j**2 - 8*j - 3. What is w(p)?
4
Let d = -8 + -19. Let r = d + 21. Let f(z) = z**2 + 6*z - 4. Calculate f(r).
-4
Let l(x) = 4*x**2 + x - 1. Suppose -4*u - 3*z = 5, -3*u + 5 = -0*z + 4*z. Let v = u + 3. Determine l(v).
13
Suppose 5*q - 12 = 2*q. Suppose 4*u + 2 = -2*n, q*n = 4*u - 0*u - 28. Suppose 3*p = j, -5*p + u = -3. Let c(t) = -3*t + 2. Determine c(j).
-7
Let g(i) be the second derivative of i**3/6 - i**2/2 + i. Let n = -352 - -348. Determine g(n).
-5
Let t(v) = -v**3 + 6*v**2 - 2*v + 8. Suppose -5 = 2*q + 3. Let j